e 14) to base 4.
-10013313
Convert 1333210032 (base 5) to base 3.
20102101221200
cc89 (base 14) to base 2
1000101001001001
What is -161114 (base 13) in base 11?
-342553
Convert 1542415 (base 11) to base 8.
12041316
Convert -3376040 (base 8) to base 15.
-13185c
Convert -a3251 (base 12) to base 8.
-637635
What is 101022002111212 (base 3) in base 14?
a26b10
-110111100101111101 (base 2) to base 16
-3797d
-e6441a (base 16) to base 4
-321210100122
-250664 (base 11) to base 4
-1200231013
What is 100001011101001010000001 (base 2) in base 13?
1a80b70
-2168555 (base 9) to base 11
-728250
What is 289993 (base 10) in base 13?
a1cc2
100012202201 (base 3) to base 8
542147
Convert -100010111000000011 (base 2) to base 16.
-22e03
Convert 12221101 (base 3) to base 7.
15424
Convert 2a8cd9 (base 15) to base 14.
3b6c2c
What is 31b71 (base 12) in base 14?
19ca1
-511448 (base 9) to base 3
-120101111122
Convert -410002214 (base 5) to base 7.
-16643031
What is -1049917 (base 10) in base 16?
-10053d
What is -3045354 (base 12) in base 7?
-136631635
What is -2600614 (base 11) in base 6?
-240400225
Convert -1c117 (base 15) to base 9.
-148304
10011122211011 (base 3) to base 15
234881
Convert -27953 (base 13) to base 12.
-36a62
-20552210 (base 6) to base 8
-2237056
Convert 1489923 (base 10) to base 4.
11223300003
Convert -100110011110011111 (base 2) to base 9.
-260160
7aa6 (base 12) to base 8
32536
23213223 (base 4) to base 14
134b9
What is -10775700 (base 8) in base 12?
-958854
11242334340 (base 5) to base 12
437b6b7
-2121011011212 (base 3) to base 2
-101010001000111111001
What is -501702 (base 8) in base 9?
-271053
What is -533463 (base 7) in base 16?
-1695c
Convert 63523 (base 9) to base 4.
22033323
What is -235199 (base 10) in base 15?
-49a4e
What is 45c1e (base 15) in base 3?
102021200002
Convert 11111011010110101010111 (base 2) to base 6.
452311211
-11011001011111110 (base 2) to base 5
-12030413
What is 417452 (base 10) in base 13?
118019
Convert -61b14a (base 14) to base 2.
-1100100100101000111110
66598 (base 13) to base 16
2d4ae
Convert -1045111031 (base 6) to base 9.
-23465681
Convert 245146 (base 7) to base 10.
45016
1737142 (base 8) to base 15
a057a
Convert 70a3 (base 16) to base 4.
13002203
-3a249 (base 13) to base 5
-11424202
1020212032 (base 4) to base 13
a5469
Convert -55026 (base 14) to base 16.
-3240a
Convert -4d2b0 (base 15) to base 13.
-88563
8b055 (base 12) to base 8
551201
-6072577 (base 9) to base 5
-1312032011
Convert 3006159 (base 12) to base 7.
136142220
What is -8231897 (base 10) in base 2?
-11111011001101111011001
-1970595 (base 10) to base 7
-22515114
-1326118 (base 9) to base 11
-456656
What is -100110101000110111101 (base 2) in base 11?
-795279
What is -121021002112 (base 3) in base 14?
-84923
Convert 6501501 (base 7) to base 3.
1111011101110
-3b5003 (base 13) to base 6
-50502114
-12200212210 (base 3) to base 5
-12042204
Convert 233234100 (base 5) to base 13.
2b6722
Convert 10120000313 (base 4) to base 3.
2011021022002
Convert -19b304 (base 14) to base 6.
-31333024
What is 20111122210 (base 3) in base 15?
27e20
1333603 (base 7) to base 10
176599
-3415606 (base 9) to base 5
-432404332
Convert -238df (base 16) to base 4.
-203203133
Convert 10101010110001010011001 (base 2) to base 5.
2413031201
What is 10102121002 (base 3) in base 11?
46796
What is -4543507 (base 10) in base 4?
-101111100103
894661 (base 12) to base 15
2d26a4
-81530 (base 11) to base 10
-119097
203232020 (base 4) to base 14
3b46c
10100011001101110 (base 2) to base 16
1466e
What is -10011000001100110111 (base 2) in base 16?
-98337
What is -560511 (base 10) in base 12?
-230453
Convert 10a2b77 (base 13) to base 10.
5118770
What is 373a290 (base 12) in base 6?
1023013500
2220320 (base 8) to base 4
2102003100
Convert -1022553054 (base 6) to base 8.
-51070532
What is -4120431 (base 6) in base 9?
-330401
What is -8134261 (base 9) in base 10?
-4333393
611565 (base 8) to base 11
128503
What is 2a8a47 (base 16) in base 8?
12505107
Convert -5331716 (base 8) to base 12.
-5870ba
-500560 (base 7) to base 5
-10144242
Convert -13033322 (base 5) to base 10.
-127337
Convert -a0915 (base 12) to base 7.
-1526243
Convert -153304 (base 9) to base 12.
-46694
What is 300145 (base 9) in base 3?
100000011112
-2427773 (base 9) to base 11
-820204
What is 225858 (base 9) in base 15?
2a27b
-124a918 (base 16) to base 15
-1a3cd85
-66140 (base 8) to base 10
-27744
110110101011100 (base 2) to base 15
8466
What is 1403404430 (base 5) in base 8?
15507477
Convert -279914 (base 12) to base 3.
-1020111220121
1c8aa5 (base 13) to base 14
1513d8
What is 1442579 (base 10) in base 6?
50530335
What is 459689 (base 11) in base 14?
15017d
What is 218692 (base 10) in base 8?
653104
What is 14445664 (base 7) in base 6?
45232334
What is -668ef (base 16) in base 5?
-101420304
Convert 58e9e4 (base 15) to base 3.
21222222202221
What is -20707 (base 10) in base 16?
-50e3
What is -23102222203 (base 4) in base 15?
-3d70aa
Convert 8071396 (base 10) to base 2.
11110110010100011100100
Convert -4300202020 (base 5) to base 2.
-100010010011000010100101
2274775 (base 8) to base 12
25b4a5
What is 12202200212010 (base 3) in base 2?
1011101100001100100011
What is 18498 (base 10) in base 7?
104634
What is cd3b8 (base 14) in base 12?
1bba32
What is 116058 (base 14) in base 11?
375403
What is c50bb (base 15) in base 14?
12386b
What is 1141413104 (base 5) in base 2?
1010001111100111011100
What is -3430101123 (base 5) in base 9?
-15363817
332025051 (base 6) to base 7
101535532
What is 31275 (base 9) in base 13?
951b
What is 12310133 (base 5) in base 8?
351172
-2647691 (base 10) to base 5
-1134211231
-1011021001121 (base 3) to base 14
-120355
Convert -21350415 (base 7) to base 16.
-1be229
What is 10311310232 (base 4) in base 6?
43111102
Convert -470803 (base 10) to base 6.
-14031351
What is -6db9 (base 14) in base 2?
-100101011100111
Convert 184257 (base 11) to base 10.
283807
Convert 41b52 (base 14) to base 4.
212232230
What is 25404413 (base 6) in base 9?
1487050
What is -5162498 (base 10) in base 14?
-98553c
-640754 (base 8) to base 9
-354754
-22055403 (base 6) to base 15
-d0c46
Convert -5302054 (base 7) to base 13.
-19504c
What is -1a0a521 (base 13) in base 11?
-4919215
-4223431043 (base 5) to base 15
-b90bb8
23024113 (base 6) to base 2
10101011101101101101
-73758 (base 10) to base 4
-102000132
-aa20b2 (base 15) to base 2
-11110111011001110100101
What is 2680735 (base 9) in base 2?
101100110111100110111
Convert -57909a1 (base 11) to base 15.
-d4ce71
-22001011122211 (base 3) to base 6
-231341504
6a9487 (base 11) to base 14
21412a
Convert 30056 (base 13) to base 9.
140562
1501134 (base 6) to base 9
140634
What is 4b315 (base 12) in base 15?
2051b
What is -211001120112101 (base 3) in base 6?
-1055131444
What is -3310321 (base 4) in base 7?
-63460
What is -13312 (base 6) in base 16?
-80c
-10320200211 (base 4) to base 14
-2546b3
Convert 31441113 (base 6) to base 13.
264180
-131331030201 (base 4) to base 8
-35751441
Convert 1301352255 (base 6) to base 11.
8638156
What is -134004 (base 6) in base 2?
-11000011110100
What is 11002102011002 (base 3) in base 12?
88980b
-5747333 (base 8) to base 10
-1560283
1011000000011010111010 (base 2) to base 12
b718a2
What is 426a8 (base 12) in base 4?
111111200
Convert -3ad17 (base 15) to base 4.
-232002130
What is 430444124 (base 5) in base 12?
734a26
112339 (base 11) to base 3
100002012201
Convert -61189 (base 10) to base 8.
-167405
Convert 2941 (base 14) to base 9.
11021
What is 64112 (base 7) in base 12?
91b8
What is a452a (base 15) in base 2?
1111111001011010011
Convert -15503400 (base 7) to base 9.
-2731506
Convert -21130113 (base 7) to base 4.
-12310232010
Convert -25101052 (base 6) to base 8.
-3034630
What is -22120221002 (base 3) in base 10?
-169076
What is -1000110100110001100010 (base 2) in base 13?
-62cc33
Convert 10000000101000010111010 (base 2) to base 10.
4214970
Convert 4521455 (base 6) to base 9.
377378
2a63a (base 14) to base 10
105500
What is 884263 (base 9) in base 16?
80e8f
-1122665 (base 9) to base 11
-38400a
Convert -103a04 (base 15) to base 8.
-2743252
What is -5400c (base 13) in base 12?
-73899
What is 105211 (base 11) in base 13?
5b5b0
b12d4 (base 16) to base 10
725716
What is 8324 (base 1